{"id":121,"date":"2021-06-10T13:17:46","date_gmt":"2021-06-10T11:17:46","guid":{"rendered":"http:\/\/pielgrzymkagorzowska.diecezjazg.pl\/?page_id=121"},"modified":"2025-05-23T11:05:00","modified_gmt":"2025-05-23T09:05:00","slug":"regulamin","status":"publish","type":"page","link":"https:\/\/pielgrzymkagorzowska.diecezjazg.pl\/index.php\/regulamin\/","title":{"rendered":"Regulamin"},"content":{"rendered":"<h2 style=\"text-align: center;\">REGULAMIN GORZOWSKIEJ PIESZEJ PIELGRZYMKI<\/h2>\n<h2 style=\"text-align: center;\">NA JASN\u0104 G\u00d3R\u0118<\/h2>\n<h3 align=\"center\"><\/h3>\n<h3 align=\"center\"><a href=\"https:\/\/pielgrzymkagorzowska.diecezjazg.pl\/wp-content\/uploads\/2025\/04\/STANDARDY-OCHRONY-MALOLETNICH.pdf\" target=\"_blank\" rel=\"noopener\">STANDARDY OCHRONY MA\u0141OLETNICH<\/a><\/h3>\n<p style=\"text-align: center;\">1<\/p>\n<p><strong>Pielgrzymka jest aktem religijnym, dzi\u0119kczynnym i pokutnym. To \u201erekolekcje w drodze\u201d.<\/strong><\/p>\n<p>Centrum pielgrzymki jest:<br \/>\n\u2013 codzienna Msza \u015bw.<br \/>\n\u2013 wsp\u00f3lne modlitwy (R\u00f3\u017caniec, Godzinki, Anio\u0142 Pa\u0144ski)<br \/>\n\u2013 sakrament pojednania<br \/>\n\u2013 konferencje<\/p>\n<p>Aby by\u0142o mo\u017cliwe harmonijne po\u0142\u0105czenie tych praktyk pobo\u017cno\u015bci ustanowiono niniejszy Regulamin Pielgrzymki (zwany dalej Regulaminem).<\/p>\n<p>Regulamin jest zbiorem zasad, kt\u00f3re Pielgrzymi dobrowolnie zobowi\u0105zuj\u0105 si\u0119 przestrzega\u0107.<\/p>\n<p><strong>Pielgrzymem mo\u017ce by\u0107 ka\u017cdy, kto pragnie pog\u0142\u0119bi\u0107 \u017cycie religijne i akceptuje regulamin.<\/strong><\/p>\n<p><strong>Ka\u017cdy, kto pragnie wzi\u0105\u0107 udzia\u0142 w pielgrzymce, zg\u0142asza sw\u00f3j udzia\u0142 u w\u0142a\u015bciwego przewodnika grupy.\u00a0Zapisy odbywaj\u0105 si\u0119 wy\u0142\u0105cznie przez formularz internetowy.<\/strong><\/p>\n<p>Op\u0142ata za uczestnictwo pokrywa koszty organizacji Pielgrzymki i jest og\u0142aszana co roku przed rozpocz\u0119ciem terminu zapis\u00f3w.<\/p>\n<p>Rezygnacja z udzia\u0142u w Pielgrzymce po uiszczeniu op\u0142aty za uczestnictwo wi\u0105\u017ce si\u0119 z utrat\u0105 50 % tej op\u0142aty. Kwota ta jest przeznaczona na pokrycie koszt\u00f3w organizacji Pielgrzymki, w tym niezb\u0119dnych zakup\u00f3w.<\/p>\n<p style=\"text-align: center;\">2<\/p>\n<p><strong>Pielgrzymi zobowi\u0105zuj\u0105 si\u0119 w szczeg\u00f3lno\u015bci:<\/strong><\/p>\n<p>\u2013 przestrzega\u0107 postanowie\u0144 Regulaminu, stosowa\u0107 si\u0119 do polece\u0144 Ksi\u0119dza Przewodnika, S\u0142u\u017cby Porz\u0105dkowej, S\u0142u\u017cby Medycznej, S\u0142u\u017cby Transportu, Kwatermistrza,<\/p>\n<p>\u2013\u00a0\u00a0unika\u0107 zachowa\u0144, kt\u00f3re zak\u0142\u00f3ca\u0142yby religijny charakter pielgrzymki,<\/p>\n<p>\u2013 pielgrzymowa\u0107 w grupie, do kt\u00f3rej s\u0105 zapisani i nosi\u0107 w widocznym miejscu znaczek pielgrzymkowy,<\/p>\n<p>\u2013 pielgrzymowa\u0107 w ustalonym szyku, w tym przestrzega\u0107 zakazu wyprzedzania krzy\u017ca niesionego na czele grupy oraz opuszczania grupy bez zgody Ksi\u0119dza Przewodnika,<\/p>\n<p>\u2013 przestrzega\u0107 zakazu palenia tytoniu, picia alkoholu, u\u017cywania \u015brodk\u00f3w odurzaj\u0105cych i psychotropowych,<\/p>\n<p>\u2013 przestrzega\u0107 zakazu u\u017cywania odbiornik\u00f3w radiowych i telewizyjnych,<\/p>\n<p>\u2013 zachowa\u0107 czysto\u015b\u0107 na miejscach postoju i noclegu (\u015bmieci mo\u017cna wyrzuca\u0107 tylko w miejscach wyznaczonych),<\/p>\n<p>\u2013 przestrzega\u0107 obowi\u0105zuj\u0105cych nakaz\u00f3w, zakaz\u00f3w i ogranicze\u0144 w zwi\u0105zku ze stanem epidemii na obszarze Rzeczypospolitej Polskiej.<\/p>\n<p style=\"text-align: center;\">3<\/p>\n<p><strong>Pielgrzymi przyjmuj\u0105 do wiadomo\u015bci, \u017ce powinni by\u0107 przygotowani na zm\u0119czenie, niepogod\u0119, upa\u0142, niewygody, skromne jedzenie, skromne warunki sanitarne, dolegliwo\u015bci fizyczne.<\/strong><\/p>\n<p>Codzienna trasa wynosi 25-40 km.<\/p>\n<p style=\"text-align: center;\">4<\/p>\n<p><strong>Pielgrzymi zmierzaj\u0105 do Matki Bo\u017cej jako wsp\u00f3lnota.<\/strong><\/p>\n<p>Pielgrzymi zwracaj\u0105 si\u0119 do siebie zwrotami: \u201eBracie\u201d i \u201eSiostro\u201d bez wzgl\u0119du na wiek i pozycj\u0119 spo\u0142eczn\u0105.<\/p>\n<p style=\"text-align: center;\">5<\/p>\n<p><strong>Pielgrzymka to okazja do wykorzystywania talent\u00f3w muzycznych, medycznych czy technicznych.<\/strong><\/p>\n<p><strong>Osoby pragn\u0105ce zaanga\u017cowa\u0107 si\u0119 w poszczeg\u00f3lnych s\u0142u\u017cbach (muzycznej, medycznej, porz\u0105dkowej) proszone s\u0105 o zg\u0142oszenie akcesu do Ksi\u0119\u017cy Przewodnik\u00f3w grup.<\/strong><\/p>\n<p style=\"text-align: center;\">6<\/p>\n<p><strong>Pielgrzymi pomagaj\u0105 sobie nawzajem dla dobra grupy i ca\u0142ej pielgrzymki.<\/strong><\/p>\n<p style=\"text-align: center;\">7<\/p>\n<p><strong>W czasie pielgrzymki obowi\u0105zuje str\u00f3j wygodny i skromny (zas\u0142oni\u0119te ramiona i kolana).<\/strong><\/p>\n<p style=\"text-align: center;\">8<\/p>\n<p><strong>Na czas pielgrzymki warto zabra\u0107 ze sob\u0105:<\/strong><\/p>\n<p>dobrze rozchodzone buty o grubej podeszwie \u2013 najlepiej o jeden numer wi\u0119ksze, skarpety we\u0142niane lub bawe\u0142niane (nie elastyczne), ubranie skromne, bielizn\u0119 osobist\u0105, dres, gruby sweter, nakrycie g\u0142owy (koniecznie!), p\u0142aszcz przeciwdeszczowy, przybory higieny osobistej, chlebak na baga\u017c podr\u0119czny, kubek i sztu\u0107ce, podstawowe lekarstwa (\u015brodki przeciwb\u00f3lowe) i \u015brodki opatrunkowe (<strong>kilka sztuk banda\u017cy elastycznych)<\/strong>, spirytus salicylowy, witaminy, talk, zasypk\u0119, wapno), \u015bpiw\u00f3r lub grupy koc, namiot.<\/p>\n<p><strong>W podr\u0119cznym baga\u017cu dost\u0119pnym w czasie drogi powinny si\u0119 znajdowa\u0107:<\/strong><\/p>\n<p>r\u00f3\u017caniec, identyfikator (znaczek) pielgrzyma, nakrycie g\u0142owy, p\u0142aszcz przeciwdeszczowy, co\u015b do jedzenia i picia na ca\u0142y dzie\u0144,\u00a0<strong>\u015brodki opatrunkowe, w tym kilka sztuk banda\u017cy elastycznych\u00a0<\/strong>i leki osobiste. Baga\u017c g\u0142\u00f3wny przewo\u017cony jest samochodem i dost\u0119p do niego jest mo\u017cliwy tylko w miejscach noclegowych.<\/p>\n<p style=\"text-align: center;\">9<\/p>\n<p><strong>Noclegi odbywaj\u0105 si\u0119 w miejscach wskazanych przez Ksi\u0119dza Kwatermistrza lub w\u0142asnych namiotach. Miejsca noclegowe wyznacza tylko i wy\u0142\u0105cznie Ksi\u0105dz Kwatermistrz.<\/strong><\/p>\n<p><strong>Zabronione jest organizowanie nocleg\u00f3w we w\u0142asnym zakresie, w tym szukanie i wybieranie noclegu w innych miejscach ni\u017c ustalone, bez uzgodnienia tej kwestii z Ksi\u0119dzem Kwatermistrzem.<\/strong><\/p>\n<p><strong>Zabronione jest nocowanie w prywatnych kwaterach<\/strong>.<\/p>\n<p><strong>Zakazane jest wcze\u015bniejsze zajmowanie miejsc noclegowych i rozbijania namiot\u00f3w przed nadej\u015bciem ca\u0142ej grupy.<\/strong><\/p>\n<p>Pielgrzymi przyjmuj\u0105 do wiadomo\u015bci, \u017ce w niekt\u00f3rych miejscowo\u015bciach mog\u0105 wyst\u0105pi\u0107 problemy z wystarczaj\u0105c\u0105 ilo\u015bci\u0105 wody do mycia.<\/p>\n<p>Pielgrzym zobowi\u0105zany s\u0105 pozostawi\u0107 miejsce noclegu w stanie, w jakim je zasta\u0142 tj. uporz\u0105dkowane i uprz\u0105tni\u0119te.<\/p>\n<p style=\"text-align: center;\">10<\/p>\n<p><strong>Posi\u0142ki wydawane s\u0105 wy\u0142\u0105cznie osobom zapisanym przez formularz internetowy i posiadaj\u0105cym identyfikator pielgrzyma w widocznym miejscu.<\/strong><\/p>\n<p style=\"text-align: center;\">11<\/p>\n<p><strong>Cisza nocna obowi\u0105zuje od godz. 22.00.<\/strong><\/p>\n<p>Ka\u017cdy pielgrzym zobowi\u0105zuje si\u0119 dostosowa\u0107 si\u0119 do ciszy nocnej i uszanowa\u0107 spok\u00f3j drugiej osoby.<\/p>\n<p style=\"text-align: center;\">12<\/p>\n<p><strong>Nie nale\u017cy zabiera\u0107 na pielgrzymk\u0119 rzeczy cennych, kt\u00f3re mog\u0142yby zosta\u0107 zgubione lub pa\u015b\u0107 \u0142upem z\u0142odziei.<\/strong><\/p>\n<p>Organizator nie ponosi odpowiedzialno\u015bci za utrat\u0119 lub uszkodzenie baga\u017cu podr\u0119cznego lub baga\u017cu g\u0142\u00f3wnego. Organizator nie ponosi odpowiedzialno\u015bci za utrat\u0119 rzeczy zagubionych.<\/p>\n<p style=\"text-align: center;\">13<\/p>\n<p><strong>Nale\u017cy ostro\u017cnie pos\u0142ugiwa\u0107 si\u0119 ostrymi narz\u0119dziami (ig\u0142y, no\u017cyczki, no\u017ce).<\/strong><\/p>\n<p style=\"text-align: center;\">14<\/p>\n<p><strong>Nale\u017cy okazywa\u0107 wdzi\u0119czno\u015b\u0107 i \u017cyczliwo\u015b\u0107 wszystkim osobom napotkanym na szlaku pielgrzymkowym,\u00a0<\/strong>a<strong>\u00a0<\/strong>zw\u0142aszcza tym, kt\u00f3rzy karmi\u0105 pielgrzym\u00f3w w trakcie pielgrzymowania.<\/p>\n<p style=\"text-align: center;\">15<\/p>\n<p><strong>Identyfikator pielgrzymkowy noszony winien by\u0107 w widocznym miejscu.<\/strong><\/p>\n<p>Identyfikator nale\u017cy okazywa\u0107 na \u017c\u0105danie Kierownika Pielgrzymki, Ksi\u0119\u017cy Przewodnik\u00f3w i s\u0142u\u017cb porz\u0105dkowych.<\/p>\n<p style=\"text-align: center;\">16<\/p>\n<p><strong>Podczas postoj\u00f3w b\u0119dzie dost\u0119pna woda w butelkach<\/strong>.<\/p>\n<p style=\"text-align: center;\">17<\/p>\n<p>Pielgrzym o\u015bwiadcza, \u017ce jego stan zdrowia umo\u017cliwia mu udzia\u0142 w pieszej pielgrzymce.<\/p>\n<p><strong>Pielgrzymi mog\u0105 korzysta\u0107 z pomocy s\u0142u\u017cb medycznych podczas postoj\u00f3w (w miar\u0119 mo\u017cliwo\u015bci).<\/strong><\/p>\n<p style=\"text-align: center;\">18<\/p>\n<p><strong>Osoby niepe\u0142noletnie uczestnicz\u0105 w pielgrzymce wraz z doros\u0142ym opiekunem po uprzedniej zgodzie rodzic\u00f3w wyra\u017conej na pi\u015bmie, zawieraj\u0105cej r\u00f3wnie\u017c zgod\u0119 na udzielenie niezb\u0119dnych \u015bwiadcze\u0144 zdrowotnych.<\/strong><\/p>\n<p style=\"text-align: center;\">19<\/p>\n<p><strong>Obowi\u0105zuje zakaz k\u0105pieli w jeziorach, rzekach, basenach.<\/strong><\/p>\n<p style=\"text-align: center;\"><strong>20<\/strong><\/p>\n<p><strong>Obowi\u0105zuje zakaz za\u015bmiecania szlaku pielgrzymkowego, w szczeg\u00f3lno\u015bci miejsc postoju.<\/strong><\/p>\n<p style=\"text-align: center;\"><strong>21<\/strong><\/p>\n<p><strong>Pielgrzym mo\u017ce zosta\u0107 usuni\u0119ty z Pielgrzymki za ra\u017c\u0105ce naruszenie Regulaminu. Decyzj\u0119 o usuni\u0119ciu Pielgrzyma z Pielgrzymki podejmuje Kierownik Pielgrzymki lub upowa\u017cniony przez niego kap\u0142an.<\/strong><\/p>\n<p><strong>Wykluczenie z pielgrzymki z powodu naruszenia Regulaminu wi\u0105\u017ce si\u0119 z bezpowrotn\u0105 utrat\u0105 uiszczonej op\u0142aty.<\/strong><\/p>\n<p style=\"text-align: center;\">22<\/p>\n<p><strong>Organizator, ani \u017caden cz\u0142onek S\u0142u\u017cby Porz\u0105dkowej, S\u0142u\u017cby Medycznej, czy S\u0142u\u017cby Transportu nie ponosi \u017cadnej odpowiedzialno\u015bci za szkody poniesione przez Pielgrzym\u00f3w wskutek nieprzestrzegania Regulaminu.<\/strong><\/p>\n<p>Odpowiedzialno\u015b\u0107 cywilnoprawna za szkody powsta\u0142e w wyniku dzia\u0142ania lub zaniechania dzia\u0142ania przez dan\u0105 osob\u0119 obci\u0105\u017ca w ca\u0142o\u015bci t\u0119 osob\u0119. Natomiast odpowiedzialno\u015b\u0107 cywilnoprawna za ewentualne szkody wyrz\u0105dzone przez osoby niepe\u0142noletnie obci\u0105\u017ca w ca\u0142o\u015bci ich rodzic\u00f3w lub prawnych opiekun\u00f3w.<\/p>\n<p style=\"text-align: center;\">23<\/p>\n<p>W razie w\u0105tpliwo\u015bci, wi\u0105\u017c\u0105cej interpretacji Regulaminu dokonuje Kierownik Pielgrzymki lub upowa\u017cniony przez niego kap\u0142an.<\/p>\n<p style=\"text-align: center;\">24<\/p>\n<p><strong>Pielgrzymka zostaje rozwi\u0105zana po Mszy \u015bw. na Jasnej G\u00f3rze. Do domu pielgrzymi wracaj\u0105 indywidualnie lub zorganizowanym transportem przez poszczeg\u00f3lne grupy.<\/strong><\/p>\n<p>&nbsp;<\/p>\n<p><strong>Klauzula informacyjna RODO<\/strong><\/p>\n<ol>\n<li>Zgodnie z art. 13 rozporz\u0105dzenia Parlamentu Europejskiego i Rady (UE) 2016\/679 z 27 kwietnia 2016 r. (tzw. RODO) informujemy, \u017ce administratorem Pani\/Pana danych osobowych jest Diecezjalny Inspektor Danych Osobowych Diecezji Zielonog\u00f3rsko-Gorzowskiej ks. kan. dr hab. Tadeusz Stanis\u0142awski z siedzib\u0105 przy Placu Powsta\u0144c\u00f3w Wlkp. 1, 65-075 Zielona G\u00f3ra, e-mail:\u00a0<a href=\"mailto:diod@diecezjazg.pl\">diod@diecezjazg.pl<\/a>.<\/li>\n<li>W zwi\u0105zku z panuj\u0105c\u0105 pandemi\u0105 COVID-19 informujemy, \u017ce Pani\/Pana dane osobowe mog\u0105 zosta\u0107 udost\u0119pnione r\u00f3wnie\u017c GIS (G\u0142\u00f3wny Inspektorat Sanitarny), s\u0142u\u017cbom porz\u0105dkowym i s\u0142u\u017cbie medycznej<\/li>\n<li>Pani\/Pana dane osobowe b\u0119d\u0105 przetwarzane w zwi\u0105zku z realizacj\u0105 obowi\u0105zku prawnego ci\u0105\u017c\u0105cego na administratorze (art. 6 ust. 1 lit. c i art. 9 ust 2 lit. g RODO)<\/li>\n<li>Dane osobowe b\u0119d\u0105 przetwarzane przez okres niezb\u0119dny do realizacji cel\u00f3w przetwarzania, a nast\u0119pnie przechowywane na podstawie przepis\u00f3w prawa o archiwizacji dokument\u00f3w.<\/li>\n<li>Podanie przez Pani\u0105\/Pana danych osobowych w zakresie wynikaj\u0105cym z przepis\u00f3w prawa jest obowi\u0105zkowe.<\/li>\n<\/ol>\n<p>Szczeg\u00f3\u0142owe informacje w przedmiotowym zakresie mo\u017cna uzyska\u0107 kontaktuj\u0105c si\u0119 z w\/w Diecezjalnym Inspektorem Danych Osobowych \u2013 e-mail:\u00a0<a href=\"mailto:diod@diecezjazg.pl\">diod@diecezjazg.pl<\/a><\/p>\n<p>&nbsp;<\/p>\n","protected":false},"excerpt":{"rendered":"<p>REGULAMIN GORZOWSKIEJ PIESZEJ PIELGRZYMKI NA JASN\u0104 G\u00d3R\u0118 STANDARDY OCHRONY MA\u0141OLETNICH 1 Pielgrzymka jest aktem religijnym, dzi\u0119kczynnym i pokutnym. To \u201erekolekcje w drodze\u201d. Centrum pielgrzymki jest: \u2013 codzienna Msza \u015bw. \u2013 wsp\u00f3lne modlitwy (R\u00f3\u017caniec, Godzinki, Anio\u0142 Pa\u0144ski) \u2013 sakrament pojednania \u2013 konferencje Aby by\u0142o mo\u017cliwe harmonijne po\u0142\u0105czenie tych praktyk pobo\u017cno\u015bci ustanowiono niniejszy Regulamin Pielgrzymki (zwany dalej&hellip; <br \/> <a class=\"read-more\" href=\"https:\/\/pielgrzymkagorzowska.diecezjazg.pl\/index.php\/regulamin\/\">Dowiedz si\u0119 wi\u0119cej<\/a><\/p>\n","protected":false},"author":2,"featured_media":0,"parent":0,"menu_order":0,"comment_status":"closed","ping_status":"closed","template":"","meta":{"footnotes":""},"class_list":["post-121","page","type-page","status-publish","hentry"],"_links":{"self":[{"href":"https:\/\/pielgrzymkagorzowska.diecezjazg.pl\/index.php\/wp-json\/wp\/v2\/pages\/121","targetHints":{"allow":["GET"]}}],"collection":[{"href":"https:\/\/pielgrzymkagorzowska.diecezjazg.pl\/index.php\/wp-json\/wp\/v2\/pages"}],"about":[{"href":"https:\/\/pielgrzymkagorzowska.diecezjazg.pl\/index.php\/wp-json\/wp\/v2\/types\/page"}],"author":[{"embeddable":true,"href":"https:\/\/pielgrzymkagorzowska.diecezjazg.pl\/index.php\/wp-json\/wp\/v2\/users\/2"}],"replies":[{"embeddable":true,"href":"https:\/\/pielgrzymkagorzowska.diecezjazg.pl\/index.php\/wp-json\/wp\/v2\/comments?post=121"}],"version-history":[{"count":26,"href":"https:\/\/pielgrzymkagorzowska.diecezjazg.pl\/index.php\/wp-json\/wp\/v2\/pages\/121\/revisions"}],"predecessor-version":[{"id":548,"href":"https:\/\/pielgrzymkagorzowska.diecezjazg.pl\/index.php\/wp-json\/wp\/v2\/pages\/121\/revisions\/548"}],"wp:attachment":[{"href":"https:\/\/pielgrzymkagorzowska.diecezjazg.pl\/index.php\/wp-json\/wp\/v2\/media?parent=121"}],"curies":[{"name":"wp","href":"https:\/\/api.w.org\/{rel}","templated":true}]}}